{"id":890,"date":"2022-03-11T14:10:06","date_gmt":"2022-03-11T20:10:06","guid":{"rendered":"https:\/\/www.diaspro.com.gt\/sitio\/?post_type=product&#038;p=890"},"modified":"2026-01-12T13:56:50","modified_gmt":"2026-01-12T19:56:50","slug":"dispositivo-de-proteccion-en-serie-2-polos-version-24-v","status":"publish","type":"product","link":"https:\/\/www.diaspro.com.gt\/sitio\/producto\/dispositivo-de-proteccion-en-serie-2-polos-version-24-v\/","title":{"rendered":"Dispositivo de protecci\u00f3n en serie, 3 polos, versi\u00f3n 24 V"},"content":{"rendered":"<p>barrera contra rayos con funci\u00f3n de prueba; Versi\u00f3n de 24 V<\/p>\n<p>\u2022 Corriente nominal de carga 0,58 A<br \/>\n\u2022 Dispositivo de protecci\u00f3n para sistemas de varios hilos<br \/>\n\u2022 Apantallamiento directo y con terminales de conexi\u00f3n sin tornillos<br \/>\n\u2022 Ancho que ahorra espacio de solo 8,7 mm<br \/>\n\u2022 El circuito de protecci\u00f3n se puede probar con Life Control<br \/>\n\u2022 Gran ancho de banda de hasta 100 MHz<br \/>\n\u2022 Listado en UL (4DG1)<\/p>\n","protected":false},"excerpt":{"rendered":"<p>barrera contra rayos con funci\u00f3n de prueba; Versi\u00f3n de 24 V \u2022 Corriente nominal de carga 0,58 A \u2022 Dispositivo de protecci\u00f3n para sistemas de varios hilos \u2022 Apantallamiento directo y con terminales de conexi\u00f3n sin tornillos \u2022 Ancho que ahorra espacio de solo 8,7 mm \u2022 El circuito de protecci\u00f3n se puede probar con [&hellip;]<\/p>\n","protected":false},"featured_media":891,"comment_status":"open","ping_status":"closed","template":"","meta":{"_et_pb_use_builder":"","_et_pb_old_content":"","_et_gb_content_width":""},"product_brand":[],"product_cat":[20],"product_tag":[],"class_list":{"0":"post-890","1":"product","2":"type-product","3":"status-publish","4":"has-post-thumbnail","6":"product_cat-obo-bettermann","8":"first","9":"instock","10":"shipping-taxable","11":"purchasable","12":"product-type-simple"},"jetpack_sharing_enabled":false,"jetpack_likes_enabled":false,"_links":{"self":[{"href":"https:\/\/www.diaspro.com.gt\/sitio\/wp-json\/wp\/v2\/product\/890","targetHints":{"allow":["GET"]}}],"collection":[{"href":"https:\/\/www.diaspro.com.gt\/sitio\/wp-json\/wp\/v2\/product"}],"about":[{"href":"https:\/\/www.diaspro.com.gt\/sitio\/wp-json\/wp\/v2\/types\/product"}],"replies":[{"embeddable":true,"href":"https:\/\/www.diaspro.com.gt\/sitio\/wp-json\/wp\/v2\/comments?post=890"}],"wp:featuredmedia":[{"embeddable":true,"href":"https:\/\/www.diaspro.com.gt\/sitio\/wp-json\/wp\/v2\/media\/891"}],"wp:attachment":[{"href":"https:\/\/www.diaspro.com.gt\/sitio\/wp-json\/wp\/v2\/media?parent=890"}],"wp:term":[{"taxonomy":"product_brand","embeddable":true,"href":"https:\/\/www.diaspro.com.gt\/sitio\/wp-json\/wp\/v2\/product_brand?post=890"},{"taxonomy":"product_cat","embeddable":true,"href":"https:\/\/www.diaspro.com.gt\/sitio\/wp-json\/wp\/v2\/product_cat?post=890"},{"taxonomy":"product_tag","embeddable":true,"href":"https:\/\/www.diaspro.com.gt\/sitio\/wp-json\/wp\/v2\/product_tag?post=890"}],"curies":[{"name":"wp","href":"https:\/\/api.w.org\/{rel}","templated":true}]}}