{"id":3113,"date":"2025-10-27T16:26:54","date_gmt":"2025-10-27T22:26:54","guid":{"rendered":"https:\/\/www.diaspro.com.gt\/sitio\/?post_type=product&#038;p=3113"},"modified":"2025-10-27T16:26:54","modified_gmt":"2025-10-27T22:26:54","slug":"motosierra-de-gasolina","status":"publish","type":"product","link":"https:\/\/www.diaspro.com.gt\/sitio\/producto\/motosierra-de-gasolina\/","title":{"rendered":"Motosierra de Gasolina"},"content":{"rendered":"<ul class=\"font_7\">\n<li>\n<p class=\"font_7\">Capacidad motor: 52cc<\/p>\n<\/li>\n<li>\n<p class=\"font_7\">Motor 2 tiempos<\/p>\n<\/li>\n<li>\n<p class=\"font_7\">Potencia nominal: 2200W\/2.9HP<\/p>\n<\/li>\n<li>\n<p class=\"font_7\">Velocidad de ralent\u00ed: 3000 RPM +_ 5%<\/p>\n<\/li>\n<li>\n<p class=\"font_7\">M\u00e1x. di\u00e1metro de corte: 500mm (20&#8243;)<\/p>\n<\/li>\n<li>\n<p class=\"font_7\">Paso de cadena: 3\/8&#8243; (0.375&#8243;)<\/p>\n<\/li>\n<li>\n<p class=\"font_7\">\u00a0Dep\u00f3sito de combustible: 550lm<\/p>\n<\/li>\n<li>\n<p class=\"font_7\">Dep\u00f3sito de aceite: 260ml<\/p>\n<\/li>\n<li>\n<p class=\"font_7\">Dise\u00f1o de absorci\u00f3n de impactos de 4 puntos<\/p>\n<\/li>\n<li>\n<p class=\"font_7\">F\u00e1cil Arranque<\/p>\n<\/li>\n<\/ul>\n","protected":false},"excerpt":{"rendered":"<p>Capacidad motor: 52cc Motor 2 tiempos Potencia nominal: 2200W\/2.9HP Velocidad de ralent\u00ed: 3000 RPM +_ 5% M\u00e1x. di\u00e1metro de corte: 500mm (20&#8243;) Paso de cadena: 3\/8&#8243; (0.375&#8243;) \u00a0Dep\u00f3sito de combustible: 550lm Dep\u00f3sito de aceite: 260ml Dise\u00f1o de absorci\u00f3n de impactos de 4 puntos F\u00e1cil Arranque<\/p>\n","protected":false},"featured_media":3114,"comment_status":"open","ping_status":"closed","template":"","meta":{"_et_pb_use_builder":"","_et_pb_old_content":"","_et_gb_content_width":""},"product_brand":[],"product_cat":[606],"product_tag":[],"class_list":{"0":"post-3113","1":"product","2":"type-product","3":"status-publish","4":"has-post-thumbnail","6":"product_cat-tolsen","8":"first","9":"instock","10":"shipping-taxable","11":"purchasable","12":"product-type-simple"},"jetpack_sharing_enabled":true,"jetpack_likes_enabled":true,"_links":{"self":[{"href":"https:\/\/www.diaspro.com.gt\/sitio\/wp-json\/wp\/v2\/product\/3113","targetHints":{"allow":["GET"]}}],"collection":[{"href":"https:\/\/www.diaspro.com.gt\/sitio\/wp-json\/wp\/v2\/product"}],"about":[{"href":"https:\/\/www.diaspro.com.gt\/sitio\/wp-json\/wp\/v2\/types\/product"}],"replies":[{"embeddable":true,"href":"https:\/\/www.diaspro.com.gt\/sitio\/wp-json\/wp\/v2\/comments?post=3113"}],"wp:featuredmedia":[{"embeddable":true,"href":"https:\/\/www.diaspro.com.gt\/sitio\/wp-json\/wp\/v2\/media\/3114"}],"wp:attachment":[{"href":"https:\/\/www.diaspro.com.gt\/sitio\/wp-json\/wp\/v2\/media?parent=3113"}],"wp:term":[{"taxonomy":"product_brand","embeddable":true,"href":"https:\/\/www.diaspro.com.gt\/sitio\/wp-json\/wp\/v2\/product_brand?post=3113"},{"taxonomy":"product_cat","embeddable":true,"href":"https:\/\/www.diaspro.com.gt\/sitio\/wp-json\/wp\/v2\/product_cat?post=3113"},{"taxonomy":"product_tag","embeddable":true,"href":"https:\/\/www.diaspro.com.gt\/sitio\/wp-json\/wp\/v2\/product_tag?post=3113"}],"curies":[{"name":"wp","href":"https:\/\/api.w.org\/{rel}","templated":true}]}}