{"id":2991,"date":"2025-09-04T15:39:07","date_gmt":"2025-09-04T21:39:07","guid":{"rendered":"https:\/\/www.diaspro.com.gt\/sitio\/?post_type=product&#038;p=2991"},"modified":"2025-11-18T10:18:18","modified_gmt":"2025-11-18T16:18:18","slug":"sonometro-40-130-dba","status":"publish","type":"product","link":"https:\/\/www.diaspro.com.gt\/sitio\/producto\/sonometro-40-130-dba\/","title":{"rendered":"Son\u00f3metro \/ Decibel\u00edmetro 40&#8230;130 dBA"},"content":{"rendered":"<ul>\n<li data-start=\"192\" data-end=\"235\"><strong data-start=\"192\" data-end=\"233\">Medici\u00f3n de sonido en decibelios (dB)<\/strong><\/li>\n<li style=\"list-style-type: none;\">\n<ul data-start=\"238\" data-end=\"329\">\n<li data-start=\"238\" data-end=\"329\">\n<p data-start=\"240\" data-end=\"329\">De acuerdo con la <strong data-start=\"258\" data-end=\"281\">ponderaci\u00f3n A (dBA)<\/strong>, dise\u00f1ada seg\u00fan la percepci\u00f3n del o\u00eddo humano<\/p>\n<\/li>\n<\/ul>\n<\/li>\n<li data-start=\"331\" data-end=\"466\">\n<p data-start=\"333\" data-end=\"362\"><strong data-start=\"333\" data-end=\"360\">Pantalla LCD multil\u00ednea<\/strong><\/p>\n<ul data-start=\"365\" data-end=\"466\">\n<li data-start=\"365\" data-end=\"400\">\n<p data-start=\"367\" data-end=\"400\">Con retroiluminaci\u00f3n autom\u00e1tica<\/p>\n<\/li>\n<li data-start=\"403\" data-end=\"466\">\n<p data-start=\"405\" data-end=\"466\">Activada mediante fotodiodo en entornos de baja iluminaci\u00f3n<\/p>\n<\/li>\n<\/ul>\n<\/li>\n<li data-start=\"468\" data-end=\"586\">\n<p data-start=\"470\" data-end=\"507\"><strong data-start=\"470\" data-end=\"504\">Botones laterales de funciones<\/strong>:<\/p>\n<ul data-start=\"510\" data-end=\"586\">\n<li data-start=\"510\" data-end=\"532\">\n<p data-start=\"512\" data-end=\"532\">MIN (valor m\u00ednimo)<\/p>\n<\/li>\n<li data-start=\"535\" data-end=\"557\">\n<p data-start=\"537\" data-end=\"557\">MAX (valor m\u00e1ximo)<\/p>\n<\/li>\n<li data-start=\"560\" data-end=\"586\">\n<p data-start=\"562\" data-end=\"586\">Selecci\u00f3n r\u00e1pido\/lento<\/p>\n<\/li>\n<\/ul>\n<\/li>\n<li data-start=\"588\" data-end=\"694\">\n<p data-start=\"590\" data-end=\"633\"><strong data-start=\"590\" data-end=\"631\">Dise\u00f1o compacto, pr\u00e1ctico y econ\u00f3mico<\/strong><\/p>\n<ul data-start=\"636\" data-end=\"694\">\n<li data-start=\"636\" data-end=\"663\">\n<p data-start=\"638\" data-end=\"663\">Ideal para la ense\u00f1anza<\/p>\n<\/li>\n<li data-start=\"666\" data-end=\"694\">\n<p data-start=\"668\" data-end=\"694\">Adecuado para uso casero<\/p>\n<\/li>\n<\/ul>\n<\/li>\n<\/ul>\n","protected":false},"excerpt":{"rendered":"<p><strong>HOJA T\u00c9CNICA<\/strong><\/p>\n<p><span style=\"color: #ff0000;\"><strong>M\u00e1s informaci\u00f3n sobre este producto:<\/strong><\/span><\/p>\n<p><a href=\"https:\/\/www.diaspro.com.gt\/sitio\/wp-content\/uploads\/2025\/09\/PeakTech-P-5175-comprimido.pdf\">PeakTech-P 5175-comprimido<\/a><\/p>\n","protected":false},"featured_media":2992,"comment_status":"open","ping_status":"closed","template":"","meta":{"_et_pb_use_builder":"","_et_pb_old_content":"","_et_gb_content_width":""},"product_brand":[],"product_cat":[322],"product_tag":[],"class_list":{"0":"post-2991","1":"product","2":"type-product","3":"status-publish","4":"has-post-thumbnail","6":"product_cat-peaktech","8":"first","9":"instock","10":"shipping-taxable","11":"purchasable","12":"product-type-simple"},"jetpack_sharing_enabled":true,"jetpack_likes_enabled":true,"_links":{"self":[{"href":"https:\/\/www.diaspro.com.gt\/sitio\/wp-json\/wp\/v2\/product\/2991","targetHints":{"allow":["GET"]}}],"collection":[{"href":"https:\/\/www.diaspro.com.gt\/sitio\/wp-json\/wp\/v2\/product"}],"about":[{"href":"https:\/\/www.diaspro.com.gt\/sitio\/wp-json\/wp\/v2\/types\/product"}],"replies":[{"embeddable":true,"href":"https:\/\/www.diaspro.com.gt\/sitio\/wp-json\/wp\/v2\/comments?post=2991"}],"wp:featuredmedia":[{"embeddable":true,"href":"https:\/\/www.diaspro.com.gt\/sitio\/wp-json\/wp\/v2\/media\/2992"}],"wp:attachment":[{"href":"https:\/\/www.diaspro.com.gt\/sitio\/wp-json\/wp\/v2\/media?parent=2991"}],"wp:term":[{"taxonomy":"product_brand","embeddable":true,"href":"https:\/\/www.diaspro.com.gt\/sitio\/wp-json\/wp\/v2\/product_brand?post=2991"},{"taxonomy":"product_cat","embeddable":true,"href":"https:\/\/www.diaspro.com.gt\/sitio\/wp-json\/wp\/v2\/product_cat?post=2991"},{"taxonomy":"product_tag","embeddable":true,"href":"https:\/\/www.diaspro.com.gt\/sitio\/wp-json\/wp\/v2\/product_tag?post=2991"}],"curies":[{"name":"wp","href":"https:\/\/api.w.org\/{rel}","templated":true}]}}