{"id":2981,"date":"2025-08-21T16:26:18","date_gmt":"2025-08-21T22:26:18","guid":{"rendered":"https:\/\/www.diaspro.com.gt\/sitio\/?post_type=product&#038;p=2981"},"modified":"2025-11-20T12:21:18","modified_gmt":"2025-11-20T18:21:18","slug":"bota-industrial-punta-de-metal-marca-roy","status":"publish","type":"product","link":"https:\/\/www.diaspro.com.gt\/sitio\/producto\/bota-industrial-punta-de-metal-marca-roy\/","title":{"rendered":"Bota Industrial Punta met\u00e1lica Marca ROY"},"content":{"rendered":"<p><strong>Informaci\u00f3n general<\/strong><\/p>\n<ul>\n<li>Tallas disponibles:\u00a037-43<\/li>\n<li>Colores disponibles: Negro (01)<\/li>\n<li>Puntera de Metal<\/li>\n<\/ul>\n<p><strong>Caracter\u00edsticas<\/strong><\/p>\n<ul>\n<li>Punta Met\u00e1lica<\/li>\n<li>Resistente hasta 2,5000 libras (1.13 Toneladas) de compresi\u00f3n<\/li>\n<li>Suela PVC con Nitrilo para mayor abrasi\u00f3n<\/li>\n<li>Resistente a Solventes<\/li>\n<li>Resistente a aceites<\/li>\n<li>Resistente a Gasolina<\/li>\n<li>Resistente a Impactos de 75 libras-pies (101.7kj)<\/li>\n<li>Norma de seguridad ATM F2413-18M\/I\/C<\/li>\n<\/ul>\n","protected":false},"excerpt":{"rendered":"<p>Informaci\u00f3n general Tallas disponibles:\u00a037-43 Colores disponibles: Negro (01) Puntera de Metal Caracter\u00edsticas Punta Met\u00e1lica Resistente hasta 2,5000 libras (1.13 Toneladas) de compresi\u00f3n Suela PVC con Nitrilo para mayor abrasi\u00f3n Resistente a Solventes Resistente a aceites Resistente a Gasolina Resistente a Impactos de 75 libras-pies (101.7kj) Norma de seguridad ATM F2413-18M\/I\/C<\/p>\n","protected":false},"featured_media":2982,"comment_status":"open","ping_status":"closed","template":"","meta":{"_et_pb_use_builder":"","_et_pb_old_content":"","_et_gb_content_width":""},"product_brand":[],"product_cat":[608,607],"product_tag":[610,611],"class_list":{"0":"post-2981","1":"product","2":"type-product","3":"status-publish","4":"has-post-thumbnail","6":"product_cat-caballeros","7":"product_cat-calzado-industrial","8":"product_tag-bota-industrial","9":"product_tag-roy","11":"first","12":"instock","13":"shipping-taxable","14":"purchasable","15":"product-type-simple"},"jetpack_sharing_enabled":true,"jetpack_likes_enabled":true,"_links":{"self":[{"href":"https:\/\/www.diaspro.com.gt\/sitio\/wp-json\/wp\/v2\/product\/2981","targetHints":{"allow":["GET"]}}],"collection":[{"href":"https:\/\/www.diaspro.com.gt\/sitio\/wp-json\/wp\/v2\/product"}],"about":[{"href":"https:\/\/www.diaspro.com.gt\/sitio\/wp-json\/wp\/v2\/types\/product"}],"replies":[{"embeddable":true,"href":"https:\/\/www.diaspro.com.gt\/sitio\/wp-json\/wp\/v2\/comments?post=2981"}],"wp:featuredmedia":[{"embeddable":true,"href":"https:\/\/www.diaspro.com.gt\/sitio\/wp-json\/wp\/v2\/media\/2982"}],"wp:attachment":[{"href":"https:\/\/www.diaspro.com.gt\/sitio\/wp-json\/wp\/v2\/media?parent=2981"}],"wp:term":[{"taxonomy":"product_brand","embeddable":true,"href":"https:\/\/www.diaspro.com.gt\/sitio\/wp-json\/wp\/v2\/product_brand?post=2981"},{"taxonomy":"product_cat","embeddable":true,"href":"https:\/\/www.diaspro.com.gt\/sitio\/wp-json\/wp\/v2\/product_cat?post=2981"},{"taxonomy":"product_tag","embeddable":true,"href":"https:\/\/www.diaspro.com.gt\/sitio\/wp-json\/wp\/v2\/product_tag?post=2981"}],"curies":[{"name":"wp","href":"https:\/\/api.w.org\/{rel}","templated":true}]}}