{"id":2635,"date":"2025-01-20T15:01:50","date_gmt":"2025-01-20T21:01:50","guid":{"rendered":"https:\/\/www.diaspro.com.gt\/sitio\/?post_type=product&#038;p=2635"},"modified":"2025-01-20T15:01:50","modified_gmt":"2025-01-20T21:01:50","slug":"blister-con-2-pilas-recargables-aa-larga-duracion-2500-mah","status":"publish","type":"product","link":"https:\/\/www.diaspro.com.gt\/sitio\/producto\/blister-con-2-pilas-recargables-aa-larga-duracion-2500-mah\/","title":{"rendered":"Bl\u00edster con 2 pilas recargables AA larga duraci\u00f3n, 2500 mAh"},"content":{"rendered":"<div class=\"row body_especs tamanio_text\">\n<div class=\"col-11 especs_margen\">\n<ul>\n<li class=\"lh-2\">Duran hasta 500 ciclos de recarga<\/li>\n<li class=\"lh-2\">90% Mayor desempe\u00f1o que las de uso general<\/li>\n<li class=\"lh-2\">Entre mayor sea el n\u00famero de mAh, mayor ser\u00e1 el desempe\u00f1o de la pila recargable<\/li>\n<li class=\"lh-2\">Para aparatos electr\u00f3nicos de mayor consumo de energ\u00eda.<\/li>\n<li class=\"lh-2\">Pilas de Ni-MH (N\u00edquel &#8211; Metal Hidruro)<\/li>\n<\/ul>\n<\/div>\n<\/div>\n","protected":false},"excerpt":{"rendered":"<p>Duran hasta 500 ciclos de recarga 90% Mayor desempe\u00f1o que las de uso general Entre mayor sea el n\u00famero de mAh, mayor ser\u00e1 el desempe\u00f1o de la pila recargable Para aparatos electr\u00f3nicos de mayor consumo de energ\u00eda. Pilas de Ni-MH (N\u00edquel &#8211; Metal Hidruro)<\/p>\n","protected":false},"featured_media":2636,"comment_status":"open","ping_status":"closed","template":"","meta":{"_et_pb_use_builder":"","_et_pb_old_content":"","_et_gb_content_width":""},"product_brand":[],"product_cat":[317],"product_tag":[547,544],"class_list":{"0":"post-2635","1":"product","2":"type-product","3":"status-publish","4":"has-post-thumbnail","6":"product_cat-baterias","7":"product_tag-aa","8":"product_tag-volteck","10":"first","11":"instock","12":"shipping-taxable","13":"purchasable","14":"product-type-simple"},"jetpack_sharing_enabled":true,"jetpack_likes_enabled":true,"_links":{"self":[{"href":"https:\/\/www.diaspro.com.gt\/sitio\/wp-json\/wp\/v2\/product\/2635","targetHints":{"allow":["GET"]}}],"collection":[{"href":"https:\/\/www.diaspro.com.gt\/sitio\/wp-json\/wp\/v2\/product"}],"about":[{"href":"https:\/\/www.diaspro.com.gt\/sitio\/wp-json\/wp\/v2\/types\/product"}],"replies":[{"embeddable":true,"href":"https:\/\/www.diaspro.com.gt\/sitio\/wp-json\/wp\/v2\/comments?post=2635"}],"wp:featuredmedia":[{"embeddable":true,"href":"https:\/\/www.diaspro.com.gt\/sitio\/wp-json\/wp\/v2\/media\/2636"}],"wp:attachment":[{"href":"https:\/\/www.diaspro.com.gt\/sitio\/wp-json\/wp\/v2\/media?parent=2635"}],"wp:term":[{"taxonomy":"product_brand","embeddable":true,"href":"https:\/\/www.diaspro.com.gt\/sitio\/wp-json\/wp\/v2\/product_brand?post=2635"},{"taxonomy":"product_cat","embeddable":true,"href":"https:\/\/www.diaspro.com.gt\/sitio\/wp-json\/wp\/v2\/product_cat?post=2635"},{"taxonomy":"product_tag","embeddable":true,"href":"https:\/\/www.diaspro.com.gt\/sitio\/wp-json\/wp\/v2\/product_tag?post=2635"}],"curies":[{"name":"wp","href":"https:\/\/api.w.org\/{rel}","templated":true}]}}