{"id":2263,"date":"2024-12-03T15:35:38","date_gmt":"2024-12-03T21:35:38","guid":{"rendered":"https:\/\/www.diaspro.com.gt\/sitio\/?post_type=product&#038;p=2263"},"modified":"2025-08-06T17:26:29","modified_gmt":"2025-08-06T23:26:29","slug":"sellador-transparente-100-silicon-de-280-ml","status":"publish","type":"product","link":"https:\/\/www.diaspro.com.gt\/sitio\/producto\/sellador-transparente-100-silicon-de-280-ml\/","title":{"rendered":"Sellador Transparente 100% Silicon de 280 ML"},"content":{"rendered":"<div class=\"row body_especs tamanio_text\">\n<div class=\"col-11 especs_margen\">\n<ul>\n<li class=\"lh-2\">Buena adherencia en superficies lisas<\/li>\n<li class=\"lh-2\">No cambia de color<\/li>\n<li class=\"lh-2\">No se despega o reseca<\/li>\n<li class=\"lh-2\">F\u00e1cil aplicaci\u00f3n sin escurrimientos<\/li>\n<li class=\"lh-2\">Para superficies como vidrio, aluminio, cer\u00e1mica, porcelana, madera, hierro<\/li>\n<\/ul>\n<\/div>\n<\/div>\n","protected":false},"excerpt":{"rendered":"<p>Buena adherencia en superficies lisas No cambia de color No se despega o reseca F\u00e1cil aplicaci\u00f3n sin escurrimientos Para superficies como vidrio, aluminio, cer\u00e1mica, porcelana, madera, hierro<\/p>\n","protected":false},"featured_media":2264,"comment_status":"open","ping_status":"closed","template":"","meta":{"_et_pb_use_builder":"","_et_pb_old_content":"","_et_gb_content_width":""},"product_brand":[],"product_cat":[368],"product_tag":[155,346,420],"class_list":{"0":"post-2263","1":"product","2":"type-product","3":"status-publish","4":"has-post-thumbnail","6":"product_cat-silicon","7":"product_tag-silicon","8":"product_tag-transparente","9":"product_tag-truper","11":"first","12":"instock","13":"shipping-taxable","14":"purchasable","15":"product-type-simple"},"jetpack_sharing_enabled":true,"jetpack_likes_enabled":true,"_links":{"self":[{"href":"https:\/\/www.diaspro.com.gt\/sitio\/wp-json\/wp\/v2\/product\/2263","targetHints":{"allow":["GET"]}}],"collection":[{"href":"https:\/\/www.diaspro.com.gt\/sitio\/wp-json\/wp\/v2\/product"}],"about":[{"href":"https:\/\/www.diaspro.com.gt\/sitio\/wp-json\/wp\/v2\/types\/product"}],"replies":[{"embeddable":true,"href":"https:\/\/www.diaspro.com.gt\/sitio\/wp-json\/wp\/v2\/comments?post=2263"}],"wp:featuredmedia":[{"embeddable":true,"href":"https:\/\/www.diaspro.com.gt\/sitio\/wp-json\/wp\/v2\/media\/2264"}],"wp:attachment":[{"href":"https:\/\/www.diaspro.com.gt\/sitio\/wp-json\/wp\/v2\/media?parent=2263"}],"wp:term":[{"taxonomy":"product_brand","embeddable":true,"href":"https:\/\/www.diaspro.com.gt\/sitio\/wp-json\/wp\/v2\/product_brand?post=2263"},{"taxonomy":"product_cat","embeddable":true,"href":"https:\/\/www.diaspro.com.gt\/sitio\/wp-json\/wp\/v2\/product_cat?post=2263"},{"taxonomy":"product_tag","embeddable":true,"href":"https:\/\/www.diaspro.com.gt\/sitio\/wp-json\/wp\/v2\/product_tag?post=2263"}],"curies":[{"name":"wp","href":"https:\/\/api.w.org\/{rel}","templated":true}]}}