{"id":2195,"date":"2024-11-29T16:01:03","date_gmt":"2024-11-29T22:01:03","guid":{"rendered":"https:\/\/www.diaspro.com.gt\/sitio\/?post_type=product&#038;p=2195"},"modified":"2025-05-08T10:45:07","modified_gmt":"2025-05-08T16:45:07","slug":"sensor-de-movimiento","status":"publish","type":"product","link":"https:\/\/www.diaspro.com.gt\/sitio\/producto\/sensor-de-movimiento\/","title":{"rendered":"Sensor de movimiento  DS-PD2-P1OP-W"},"content":{"rendered":"<ul>\n<li>Frecuencia: 433 MHz.<\/li>\n<li>Voltaje de Operaci\u00f3n: CR123A 3V (Incluida).<\/li>\n<li>Tiempo de vida de la bater\u00eda: 2 a\u00f1os.<\/li>\n<li>Temperatura de operaci\u00f3n:-10\u00b0 &#8211; 40\u00b0C.<\/li>\n<li>Dimensiones: 117 mm x 69 mm x 50 mm.<\/li>\n<li>Inmunidad de mascotas de hasta 24 Kg.<\/li>\n<li>Alarma de intrusi\u00f3n.<\/li>\n<li>Tecnolog\u00eda inal\u00e1mbrica de dos v\u00edas.<\/li>\n<li>Indicador de intensidad de se\u00f1al.<\/li>\n<li>Rango de detecci\u00f3n: 10 m.<\/li>\n<li>Angulo de detecci\u00f3n: 85\u00b0.<\/li>\n<\/ul>\n","protected":false},"excerpt":{"rendered":"<p>Frecuencia: 433 MHz. Voltaje de Operaci\u00f3n: CR123A 3V (Incluida). Tiempo de vida de la bater\u00eda: 2 a\u00f1os. Temperatura de operaci\u00f3n:-10\u00b0 &#8211; 40\u00b0C. Dimensiones: 117 mm x 69 mm x 50 mm. Inmunidad de mascotas de hasta 24 Kg. Alarma de intrusi\u00f3n. Tecnolog\u00eda inal\u00e1mbrica de dos v\u00edas. Indicador de intensidad de se\u00f1al. Rango de detecci\u00f3n: 10 [&hellip;]<\/p>\n","protected":false},"featured_media":2196,"comment_status":"open","ping_status":"closed","template":"","meta":{"_et_pb_use_builder":"","_et_pb_old_content":"","_et_gb_content_width":""},"product_brand":[],"product_cat":[375],"product_tag":[386,373],"class_list":{"0":"post-2195","1":"product","2":"type-product","3":"status-publish","4":"has-post-thumbnail","6":"product_cat-sensores","7":"product_tag-movimiento","8":"product_tag-sensor","10":"first","11":"instock","12":"shipping-taxable","13":"purchasable","14":"product-type-simple"},"jetpack_sharing_enabled":true,"jetpack_likes_enabled":true,"_links":{"self":[{"href":"https:\/\/www.diaspro.com.gt\/sitio\/wp-json\/wp\/v2\/product\/2195","targetHints":{"allow":["GET"]}}],"collection":[{"href":"https:\/\/www.diaspro.com.gt\/sitio\/wp-json\/wp\/v2\/product"}],"about":[{"href":"https:\/\/www.diaspro.com.gt\/sitio\/wp-json\/wp\/v2\/types\/product"}],"replies":[{"embeddable":true,"href":"https:\/\/www.diaspro.com.gt\/sitio\/wp-json\/wp\/v2\/comments?post=2195"}],"wp:featuredmedia":[{"embeddable":true,"href":"https:\/\/www.diaspro.com.gt\/sitio\/wp-json\/wp\/v2\/media\/2196"}],"wp:attachment":[{"href":"https:\/\/www.diaspro.com.gt\/sitio\/wp-json\/wp\/v2\/media?parent=2195"}],"wp:term":[{"taxonomy":"product_brand","embeddable":true,"href":"https:\/\/www.diaspro.com.gt\/sitio\/wp-json\/wp\/v2\/product_brand?post=2195"},{"taxonomy":"product_cat","embeddable":true,"href":"https:\/\/www.diaspro.com.gt\/sitio\/wp-json\/wp\/v2\/product_cat?post=2195"},{"taxonomy":"product_tag","embeddable":true,"href":"https:\/\/www.diaspro.com.gt\/sitio\/wp-json\/wp\/v2\/product_tag?post=2195"}],"curies":[{"name":"wp","href":"https:\/\/api.w.org\/{rel}","templated":true}]}}