{"id":1730,"date":"2023-01-13T14:03:02","date_gmt":"2023-01-13T20:03:02","guid":{"rendered":"https:\/\/www.diaspro.com.gt\/sitio\/?post_type=product&#038;p=1730"},"modified":"2026-01-13T14:32:18","modified_gmt":"2026-01-13T20:32:18","slug":"bombilla-halogena-ar111-50w","status":"publish","type":"product","link":"https:\/\/www.diaspro.com.gt\/sitio\/producto\/bombilla-halogena-ar111-50w\/","title":{"rendered":"Bombilla hal\u00f3gena AR111 50W"},"content":{"rendered":"<div class=\"tec_dtl_hf\">\n<ul>\n<li class=\"tecdtlhf_lft\"><strong>vatios: <\/strong>50W<\/li>\n<li class=\"tecdtlhf_lft\"><strong>Voltios: <\/strong>12V<\/li>\n<li class=\"tecdtlhf_lft\"><strong>Grupo de voltaje: <\/strong>Baja tensi\u00f3n<\/li>\n<li class=\"tecdtlhf_lft\"><strong><span class=\"\">Tipo de producto : Foco<\/span><\/strong><\/li>\n<li class=\"tecdtlhf_lft\"><strong>Tecnolog\u00eda : <\/strong>Hal\u00f3geno<\/li>\n<\/ul>\n<div class=\"tec_dtl_hf\"><\/div>\n<\/div>\n","protected":false},"excerpt":{"rendered":"<p>vatios: 50W Voltios: 12V Grupo de voltaje: Baja tensi\u00f3n Tipo de producto : Foco Tecnolog\u00eda : Hal\u00f3geno<\/p>\n","protected":false},"featured_media":1731,"comment_status":"open","ping_status":"closed","template":"","meta":{"_et_pb_use_builder":"","_et_pb_old_content":"","_et_gb_content_width":""},"product_brand":[],"product_cat":[47],"product_tag":[272,273],"class_list":{"0":"post-1730","1":"product","2":"type-product","3":"status-publish","4":"has-post-thumbnail","6":"product_cat-iluminacion","7":"product_tag-foco","8":"product_tag-sunlite","10":"first","11":"instock","12":"shipping-taxable","13":"purchasable","14":"product-type-simple"},"jetpack_sharing_enabled":true,"jetpack_likes_enabled":true,"_links":{"self":[{"href":"https:\/\/www.diaspro.com.gt\/sitio\/wp-json\/wp\/v2\/product\/1730","targetHints":{"allow":["GET"]}}],"collection":[{"href":"https:\/\/www.diaspro.com.gt\/sitio\/wp-json\/wp\/v2\/product"}],"about":[{"href":"https:\/\/www.diaspro.com.gt\/sitio\/wp-json\/wp\/v2\/types\/product"}],"replies":[{"embeddable":true,"href":"https:\/\/www.diaspro.com.gt\/sitio\/wp-json\/wp\/v2\/comments?post=1730"}],"wp:featuredmedia":[{"embeddable":true,"href":"https:\/\/www.diaspro.com.gt\/sitio\/wp-json\/wp\/v2\/media\/1731"}],"wp:attachment":[{"href":"https:\/\/www.diaspro.com.gt\/sitio\/wp-json\/wp\/v2\/media?parent=1730"}],"wp:term":[{"taxonomy":"product_brand","embeddable":true,"href":"https:\/\/www.diaspro.com.gt\/sitio\/wp-json\/wp\/v2\/product_brand?post=1730"},{"taxonomy":"product_cat","embeddable":true,"href":"https:\/\/www.diaspro.com.gt\/sitio\/wp-json\/wp\/v2\/product_cat?post=1730"},{"taxonomy":"product_tag","embeddable":true,"href":"https:\/\/www.diaspro.com.gt\/sitio\/wp-json\/wp\/v2\/product_tag?post=1730"}],"curies":[{"name":"wp","href":"https:\/\/api.w.org\/{rel}","templated":true}]}}