{"id":1054,"date":"2022-06-02T17:18:31","date_gmt":"2022-06-02T23:18:31","guid":{"rendered":"https:\/\/www.diaspro.com.gt\/sitio\/?post_type=product&#038;p=1054"},"modified":"2025-02-03T17:00:49","modified_gmt":"2025-02-03T23:00:49","slug":"multimetro-de-gancho","status":"publish","type":"product","link":"https:\/\/www.diaspro.com.gt\/sitio\/producto\/multimetro-de-gancho\/","title":{"rendered":"Mult\u00edmetro de Gancho"},"content":{"rendered":"<ul>\n<li>IEC-61010 CAT II 600V\/CAT III 300V<\/li>\n<li>LCD de 3 1\/2 d\u00edgitos, pantalla m\u00e1xima 1999<\/li>\n<li>Tama\u00f1o m\u00e1ximo de apertura: 28mm<\/li>\n<li>Indicaci\u00f3n de bater\u00eda baja<\/li>\n<li>Protecci\u00f3n de sobrecarga<\/li>\n<li>Modo de retenci\u00f3n de datos<\/li>\n<li>Apagado autom\u00e1tico<\/li>\n<li>Corriente: 2\/20\/200\/400A+\/- (1.5%+9)<\/li>\n<li>Tensi\u00f3n: 2\/20\/200\/600v+\/-(1.2%+5)<\/li>\n<li>Voltaje CC: 200M\/2\/20\/200\/600V+\/-(0.8%+1)<\/li>\n<li>Resistencia: 200\u03a9\/2k\u03a9\/20k\u03a9\/200k\u03a9\/2M\u03a9\/20M\u03a9\u00b1(1.0% +2)<\/li>\n<li>Control de diodo<\/li>\n<li>Bater\u00edas 2xAAA (1.5V) incluidas<\/li>\n<li>Cable de prueba: enchufe negro y rojo<\/li>\n<li>CE aprobado<\/li>\n<\/ul>\n","protected":false},"excerpt":{"rendered":"<p>IEC-61010 CAT II 600V\/CAT III 300V LCD de 3 1\/2 d\u00edgitos, pantalla m\u00e1xima 1999 Tama\u00f1o m\u00e1ximo de apertura: 28mm Indicaci\u00f3n de bater\u00eda baja Protecci\u00f3n de sobrecarga Modo de retenci\u00f3n de datos Apagado autom\u00e1tico Corriente: 2\/20\/200\/400A+\/- (1.5%+9) Tensi\u00f3n: 2\/20\/200\/600v+\/-(1.2%+5) Voltaje CC: 200M\/2\/20\/200\/600V+\/-(0.8%+1) Resistencia: 200\u03a9\/2k\u03a9\/20k\u03a9\/200k\u03a9\/2M\u03a9\/20M\u03a9\u00b1(1.0% +2) Control de diodo Bater\u00edas 2xAAA (1.5V) incluidas Cable de prueba: enchufe [&hellip;]<\/p>\n","protected":false},"featured_media":1078,"comment_status":"open","ping_status":"closed","template":"","meta":{"_et_pb_use_builder":"","_et_pb_old_content":"","_et_gb_content_width":""},"product_brand":[],"product_cat":[58],"product_tag":[61,60,59],"class_list":{"0":"post-1054","1":"product","2":"type-product","3":"status-publish","4":"has-post-thumbnail","6":"product_cat-herramientas","7":"product_tag-de-gancho","8":"product_tag-meididor","9":"product_tag-multimetro","11":"first","12":"instock","13":"shipping-taxable","14":"purchasable","15":"product-type-simple"},"jetpack_sharing_enabled":true,"jetpack_likes_enabled":true,"_links":{"self":[{"href":"https:\/\/www.diaspro.com.gt\/sitio\/wp-json\/wp\/v2\/product\/1054","targetHints":{"allow":["GET"]}}],"collection":[{"href":"https:\/\/www.diaspro.com.gt\/sitio\/wp-json\/wp\/v2\/product"}],"about":[{"href":"https:\/\/www.diaspro.com.gt\/sitio\/wp-json\/wp\/v2\/types\/product"}],"replies":[{"embeddable":true,"href":"https:\/\/www.diaspro.com.gt\/sitio\/wp-json\/wp\/v2\/comments?post=1054"}],"wp:featuredmedia":[{"embeddable":true,"href":"https:\/\/www.diaspro.com.gt\/sitio\/wp-json\/wp\/v2\/media\/1078"}],"wp:attachment":[{"href":"https:\/\/www.diaspro.com.gt\/sitio\/wp-json\/wp\/v2\/media?parent=1054"}],"wp:term":[{"taxonomy":"product_brand","embeddable":true,"href":"https:\/\/www.diaspro.com.gt\/sitio\/wp-json\/wp\/v2\/product_brand?post=1054"},{"taxonomy":"product_cat","embeddable":true,"href":"https:\/\/www.diaspro.com.gt\/sitio\/wp-json\/wp\/v2\/product_cat?post=1054"},{"taxonomy":"product_tag","embeddable":true,"href":"https:\/\/www.diaspro.com.gt\/sitio\/wp-json\/wp\/v2\/product_tag?post=1054"}],"curies":[{"name":"wp","href":"https:\/\/api.w.org\/{rel}","templated":true}]}}