{"id":622,"date":"2020-09-14T19:59:33","date_gmt":"2020-09-14T19:59:33","guid":{"rendered":"https:\/\/www.ssiguatemala.com\/constructor\/?page_id=622"},"modified":"2022-07-12T14:27:21","modified_gmt":"2022-07-12T20:27:21","slug":"obo-bettermann-3","status":"publish","type":"page","link":"https:\/\/www.diaspro.com.gt\/sitio\/obo-bettermann-3\/","title":{"rendered":"Obo Bettermann"},"content":{"rendered":"<p>[et_pb_section fb_built=\u00bb1&#8243; _builder_version=\u00bb4.6.1&#8243; _module_preset=\u00bbdefault\u00bb custom_padding=\u00bb50px||0px|||\u00bb global_colors_info=\u00bb{}\u00bb][et_pb_row _builder_version=\u00bb4.6.1&#8243; _module_preset=\u00bbdefault\u00bb custom_margin=\u00bb||0px||false|false\u00bb custom_padding=\u00bb||0px||false|false\u00bb global_colors_info=\u00bb{}\u00bb][et_pb_column type=\u00bb4_4&#8243; _builder_version=\u00bb4.6.1&#8243; _module_preset=\u00bbdefault\u00bb global_colors_info=\u00bb{}\u00bb][et_pb_text _builder_version=\u00bb4.6.1&#8243; _module_preset=\u00bbdefault\u00bb header_3_font=\u00bb|||on|||||\u00bb header_3_font_size=\u00bb24px\u00bb custom_margin=\u00bb0px||0px||true|false\u00bb global_colors_info=\u00bb{}\u00bb]<\/p>\n<h3>Obo Bettermann<\/h3>\n<p>[\/et_pb_text][et_pb_divider color=\u00bb#f16c20&#8243; divider_weight=\u00bb2px\u00bb _builder_version=\u00bb4.6.1&#8243; _module_preset=\u00bbdefault\u00bb width=\u00bb9%\u00bb custom_margin=\u00bb0px||0px||true|false\u00bb custom_padding=\u00bb0px||0px||true|false\u00bb global_colors_info=\u00bb{}\u00bb][\/et_pb_divider][\/et_pb_column][\/et_pb_row][\/et_pb_section][et_pb_section fb_built=\u00bb1&#8243; specialty=\u00bbon\u00bb _builder_version=\u00bb4.6.1&#8243; _module_preset=\u00bbdefault\u00bb max_width=\u00bb100%\u00bb inner_max_width=\u00bb100%\u00bb custom_padding=\u00bb4px|||||\u00bb global_colors_info=\u00bb{}\u00bb][et_pb_column type=\u00bb3_4&#8243; specialty_columns=\u00bb3&#8243; _builder_version=\u00bb3.25&#8243; custom_padding=\u00bb|||\u00bb global_colors_info=\u00bb{}\u00bb custom_padding__hover=\u00bb|||\u00bb][et_pb_row_inner _builder_version=\u00bb4.6.1&#8243; _module_preset=\u00bbdefault\u00bb width=\u00bb100%\u00bb max_width=\u00bb100%\u00bb global_colors_info=\u00bb{}\u00bb][et_pb_column_inner saved_specialty_column_type=\u00bb3_4&#8243; _builder_version=\u00bb4.6.1&#8243; _module_preset=\u00bbdefault\u00bb global_colors_info=\u00bb{}\u00bb][et_pb_text _builder_version=\u00bb4.6.1&#8243; _module_preset=\u00bbdefault\u00bb text_font_size=\u00bb16px\u00bb global_colors_info=\u00bb{}\u00bb]<\/p>\n<h3>Descargador de corriente de rayos LightningController MC 50-B VDE &#8211; Clase I.<\/h3>\n<p align=\"justify\">Eficaz en el caso de descargas atmosf\u00e9ricas sobre l\u00edneas a\u00e9reas. Puede, por tanto, utilizarse en edificios cuyo suministro el\u00e9ctrico se efect\u00fae directamente a trav\u00e9s de esta clase de l\u00edneas. En caso de una descarga atmosf\u00e9rica contra el edificio, el LightningController MC 50-B VDE producir\u00e1 la conexi\u00f3n equipotencial con las l\u00edneas de suministro el\u00e9ctrico.<\/p>\n<p align=\"center\">[\/et_pb_text][et_pb_image src=\u00bbhttps:\/\/www.diaspro.com.gt\/sitio\/wp-content\/uploads\/2020\/09\/MCD50-B.jpg\u00bb title_text=\u00bbMCD50-B\u00bb align=\u00bbcenter\u00bb _builder_version=\u00bb4.6.1&#8243; _module_preset=\u00bbdefault\u00bb max_width=\u00bb25%\u00bb global_colors_info=\u00bb{}\u00bb][\/et_pb_image][\/et_pb_column_inner][\/et_pb_row_inner][et_pb_row_inner _builder_version=\u00bb4.6.1&#8243; _module_preset=\u00bbdefault\u00bb width=\u00bb100%\u00bb max_width=\u00bb100%\u00bb global_colors_info=\u00bb{}\u00bb][et_pb_column_inner saved_specialty_column_type=\u00bb3_4&#8243; _builder_version=\u00bb4.6.1&#8243; _module_preset=\u00bbdefault\u00bb global_colors_info=\u00bb{}\u00bb][et_pb_text _builder_version=\u00bb4.6.1&#8243; _module_preset=\u00bbdefault\u00bb text_font_size=\u00bb16px\u00bb global_colors_info=\u00bb{}\u00bb]<\/p>\n<h3>Descargador de corriente de rayos \/ sobretensiones CombiController V 25-B+C,V 25-B+C\/&#8230;+NPE &#8211; Clase I + II<\/h3>\n<p align=\"justify\">Gran rendimiento, gracias a un circuito especial de varistores de \u00f3xido de zinc con una potente caracter\u00edstica no lineal. Su dise\u00f1o garantiza una protecci\u00f3n m\u00e1xima, incluso ante fuertes sobretensiones. Es capaz de resistir corrientes parciales procedentes de descargas atmosf\u00e9ricas directas. En caso de sobrecarga, el dispositivo seccionador incorporado separar\u00e1 de la red al m\u00f3dulo descargador defectuoso y avisar\u00e1 de la aver\u00eda con un indicativo rojo.<\/p>\n<p align=\"center\">[\/et_pb_text][et_pb_image src=\u00bbhttps:\/\/www.diaspro.com.gt\/sitio\/wp-content\/uploads\/2020\/09\/V25-BC.jpg\u00bb title_text=\u00bbV25-B+C\u00bb align=\u00bbcenter\u00bb _builder_version=\u00bb4.6.1&#8243; _module_preset=\u00bbdefault\u00bb max_width=\u00bb25%\u00bb global_colors_info=\u00bb{}\u00bb][\/et_pb_image][\/et_pb_column_inner][\/et_pb_row_inner][et_pb_row_inner _builder_version=\u00bb4.6.1&#8243; _module_preset=\u00bbdefault\u00bb width=\u00bb100%\u00bb max_width=\u00bb100%\u00bb global_colors_info=\u00bb{}\u00bb][et_pb_column_inner saved_specialty_column_type=\u00bb3_4&#8243; _builder_version=\u00bb4.6.1&#8243; _module_preset=\u00bbdefault\u00bb global_colors_info=\u00bb{}\u00bb][et_pb_text _builder_version=\u00bb4.6.1&#8243; _module_preset=\u00bbdefault\u00bb text_font_size=\u00bb16px\u00bb global_colors_info=\u00bb{}\u00bb]<\/p>\n<h3>Descargador de sobretensiones SurgeController V 20-C, V 20-C\/&#8230; + NPE &#8211; Clase II<\/h3>\n<p align=\"justify\">Esta basado en un varistor de \u00f3xido de zinc con una potente caracter\u00edstica no lineal. Tiene un reducido tiempo de respuesta, elevado grado de protecci\u00f3n y gran capacidad de descarga de tensiones en prolongados periodos de utilizaci\u00f3n. Por otra parte, debe mencionarse su capacidad para evitar que se registren corrientes repetitivas de red una vez eliminadas las sobretensiones.<\/p>\n<p align=\"center\">[\/et_pb_text][et_pb_image src=\u00bbhttps:\/\/www.diaspro.com.gt\/sitio\/wp-content\/uploads\/2020\/09\/V20-C.jpg\u00bb title_text=\u00bbV20-C\u00bb align=\u00bbcenter\u00bb _builder_version=\u00bb4.6.1&#8243; _module_preset=\u00bbdefault\u00bb max_width=\u00bb25%\u00bb global_colors_info=\u00bb{}\u00bb][\/et_pb_image][\/et_pb_column_inner][\/et_pb_row_inner][et_pb_row_inner _builder_version=\u00bb4.6.1&#8243; _module_preset=\u00bbdefault\u00bb width=\u00bb100%\u00bb max_width=\u00bb100%\u00bb global_colors_info=\u00bb{}\u00bb][et_pb_column_inner saved_specialty_column_type=\u00bb3_4&#8243; _builder_version=\u00bb4.6.1&#8243; _module_preset=\u00bbdefault\u00bb global_colors_info=\u00bb{}\u00bb][et_pb_text _builder_version=\u00bb4.6.1&#8243; _module_preset=\u00bbdefault\u00bb text_font_size=\u00bb16px\u00bb global_colors_info=\u00bb{}\u00bb]<\/p>\n<h2>\u00a0Protecci\u00f3n de sistemas de control<\/h2>\n<p align=\"center\">[\/et_pb_text][et_pb_text _builder_version=\u00bb4.6.1&#8243; _module_preset=\u00bbdefault\u00bb global_colors_info=\u00bb{}\u00bb]<\/p>\n<p align=\"justify\">Los descargadores VF y VF-FS se instalan como dispositivos de protecci\u00f3n fina en las fuentes de alimentaci\u00f3n de equipos inform\u00e1ticos, m\u00f3dems, telecontroles, etc. para garantizar la seguridad de estos sistemas frente a sobretensiones ocasionadas por descargas atmosf\u00e9ricas (tormentas el\u00e9ctricas) o procesos de conmutaci\u00f3n.<\/p>\n<p align=\"center\">[\/et_pb_text][et_pb_image src=\u00bbhttps:\/\/www.diaspro.com.gt\/sitio\/wp-content\/uploads\/2020\/09\/VF.jpg\u00bb title_text=\u00bbVF\u00bb align=\u00bbcenter\u00bb _builder_version=\u00bb4.6.1&#8243; _module_preset=\u00bbdefault\u00bb max_width=\u00bb25%\u00bb global_colors_info=\u00bb{}\u00bb][\/et_pb_image][\/et_pb_column_inner][\/et_pb_row_inner][et_pb_row_inner _builder_version=\u00bb4.6.1&#8243; _module_preset=\u00bbdefault\u00bb width=\u00bb100%\u00bb max_width=\u00bb100%\u00bb global_colors_info=\u00bb{}\u00bb][et_pb_column_inner saved_specialty_column_type=\u00bb3_4&#8243; _builder_version=\u00bb4.6.1&#8243; _module_preset=\u00bbdefault\u00bb global_colors_info=\u00bb{}\u00bb][et_pb_text _builder_version=\u00bb4.6.1&#8243; _module_preset=\u00bbdefault\u00bb text_font_size=\u00bb16px\u00bb global_colors_info=\u00bb{}\u00bb]<\/p>\n<h3>MDP<\/h3>\n<p>Se emplean para proteger sistemas de medici\u00f3n, control y regulaci\u00f3n frente a sobretensiones ocasionadas por descargas atmosf\u00e9ricas (tormentas el\u00e9ctricas) o surgidas como ondas transitorias en las l\u00edneas de datos.<\/p>\n<p align=\"center\">[\/et_pb_text][et_pb_image src=\u00bbhttps:\/\/www.diaspro.com.gt\/sitio\/wp-content\/uploads\/2020\/09\/MDP.jpg\u00bb title_text=\u00bbMDP\u00bb align=\u00bbcenter\u00bb _builder_version=\u00bb4.6.1&#8243; _module_preset=\u00bbdefault\u00bb max_width=\u00bb25%\u00bb global_colors_info=\u00bb{}\u00bb][\/et_pb_image][\/et_pb_column_inner][\/et_pb_row_inner][et_pb_row_inner _builder_version=\u00bb4.6.1&#8243; _module_preset=\u00bbdefault\u00bb width=\u00bb100%\u00bb max_width=\u00bb100%\u00bb global_colors_info=\u00bb{}\u00bb][et_pb_column_inner saved_specialty_column_type=\u00bb3_4&#8243; _builder_version=\u00bb4.6.1&#8243; _module_preset=\u00bbdefault\u00bb global_colors_info=\u00bb{}\u00bb][et_pb_text _builder_version=\u00bb4.6.1&#8243; _module_preset=\u00bbdefault\u00bb text_font_size=\u00bb16px\u00bb global_colors_info=\u00bb{}\u00bb]<\/p>\n<h3>Protecci\u00f3n lineas de datos<\/h3>\n<p>Protecci\u00f3n contra sobretensiones para l\u00edneas de telecomunicaciones anal\u00f3gicas<\/p>\n<p align=\"justify\">Con la conexi\u00f3n a la red mundial (Internet) y el desarrollo de la velocidad de transmisi\u00f3n de 56 kilobaudios, ha aumentado el riesgo de que las instalaciones de telecomunicaciones sufran da\u00f1os como consecuencia de corrientes parciales de descargas atmosf\u00e9ricas. Para garantizar una protecci\u00f3n total en este tipo de instalaciones, es necesario llevar a cabo un conjunto progresivo demedidas: adem\u00e1s de instalar un dispo- sitivo de protecci\u00f3n fina directamente en el terminal y de proteger la instalaci\u00f3n de comunicaciones frente a las energ\u00edas residuales y los acoplamientos inductivos y capacitivos, es recomendable instalar en la propia acometida de las l\u00edneas al edificio, alguna forma de protecci\u00f3n capaz de desviar las corrientes parciales de descargas atmosf\u00e9ricas.<\/p>\n<p>[\/et_pb_text][et_pb_image src=\u00bbhttps:\/\/www.diaspro.com.gt\/sitio\/wp-content\/uploads\/2020\/09\/480.jpg\u00bb title_text=\u00bb480&#8243; align=\u00bbcenter\u00bb _builder_version=\u00bb4.6.1&#8243; _module_preset=\u00bbdefault\u00bb max_width=\u00bb25%\u00bb global_colors_info=\u00bb{}\u00bb][\/et_pb_image][\/et_pb_column_inner][\/et_pb_row_inner][et_pb_row_inner _builder_version=\u00bb4.6.1&#8243; _module_preset=\u00bbdefault\u00bb width=\u00bb100%\u00bb max_width=\u00bb100%\u00bb global_colors_info=\u00bb{}\u00bb][et_pb_column_inner saved_specialty_column_type=\u00bb3_4&#8243; _builder_version=\u00bb4.6.1&#8243; _module_preset=\u00bbdefault\u00bb global_colors_info=\u00bb{}\u00bb][et_pb_text _builder_version=\u00bb4.6.1&#8243; _module_preset=\u00bbdefault\u00bb text_font_size=\u00bb16px\u00bb global_colors_info=\u00bb{}\u00bb]<\/p>\n<h4>V\u00edas de chispas separadoras 480 y 481 &#8211; Clase Ex<\/h4>\n<p align=\"justify\">Las v\u00edas de chispas separadoras se emplean para de acoplar secciones de una instalaci\u00f3n el\u00e9ctrica que no deban estar conectadas entre s\u00ed.<\/p>\n<p align=\"justify\">La v\u00eda de chispas 480 se emplea, por ejemplo, en canalizaciones para garantizar el puenteado de las bridas y las juntas atornilladas de aislamiento. Con la v\u00eda de chispas 481 es posible acoplar un sistema de protecci\u00f3n externa contra descargas atmosf\u00e9ricas con, por ejemplo, la puesta a tierra de equipos de alta tensi\u00f3n por encima de 1 kV, con las puestas a tierra auxiliares de disyuntores por tensiones de error o reset o con puestas a tierra de medici\u00f3n en laboratorios.<\/p>\n<p align=\"justify\">Otros \u00e1mbitos de aplicaci\u00f3n dignos de mencionar son el puenteado de posiciones pr\u00f3ximas o la conexi\u00f3n con tanques y canalizaciones, en ambos casos con protecci\u00f3n frente a la corrosi\u00f3n cat\u00f3dica.<\/p>\n<p align=\"justify\">El modelo 480 cuenta con la certificaci\u00f3n \u201cEx\u201d para su aplicaci\u00f3n en entornos con peligro de explosi\u00f3n.<\/p>\n<p align=\"center\">[\/et_pb_text][et_pb_image src=\u00bbhttps:\/\/www.diaspro.com.gt\/sitio\/wp-content\/uploads\/2020\/09\/RJ-45.jpg\u00bb title_text=\u00bbRJ-45&#8243; align=\u00bbcenter\u00bb _builder_version=\u00bb4.6.1&#8243; _module_preset=\u00bbdefault\u00bb max_width=\u00bb25%\u00bb global_colors_info=\u00bb{}\u00bb][\/et_pb_image][\/et_pb_column_inner][\/et_pb_row_inner][et_pb_row_inner _builder_version=\u00bb4.6.1&#8243; _module_preset=\u00bbdefault\u00bb width=\u00bb100%\u00bb max_width=\u00bb100%\u00bb global_colors_info=\u00bb{}\u00bb][et_pb_column_inner saved_specialty_column_type=\u00bb3_4&#8243; _builder_version=\u00bb4.6.1&#8243; _module_preset=\u00bbdefault\u00bb global_colors_info=\u00bb{}\u00bb][et_pb_text _builder_version=\u00bb4.6.1&#8243; _module_preset=\u00bbdefault\u00bb text_font_size=\u00bb16px\u00bb global_colors_info=\u00bb{}\u00bb]<\/p>\n<h3 align=\"left\">Protecci\u00f3n contra sobretensiones para redes Ethernet de par trenzado (Base-T, cat. 5 y 6) &#8211; Clase III<\/h3>\n<p align=\"justify\">Los sistemas Ethernet de par Los sistemas Ethernet de par trenzado se han venido afianzando en el terreno de la implantaci\u00f3n y estructuraci\u00f3n de redes de datos en edificios. En estos sistemas, empleados como primera l\u00ednea en la implantaci\u00f3n de redes internas, suelen utilizarse conectores Western RJ 45 de categor\u00eda 5\/6. Para evitar la aparici\u00f3n de acoplamientos capacitivos e inductivos ocasionales, es necesario instalar dispositivos de protecci\u00f3n fina en los propios terminales. Si estos dispositivos se instalan en los extremos de las l\u00edneas de cobre (en el servidor, en el hub y en la tarjeta de red), podr\u00e1 evitarse la mayor\u00eda de los casos de aver\u00edas por sobretensiones en los equipos inform\u00e1ticos. No obstante, en redes que abarquen un edificio completo, s\u00f3lo podr\u00e1 garantizarse una seguridad total si se instalan dispositivos de protecci\u00f3n adecuados en la acometida de las l\u00edneas al edificio.<\/p>\n<p>[\/et_pb_text][et_pb_image src=\u00bbhttps:\/\/www.diaspro.com.gt\/sitio\/wp-content\/uploads\/2020\/09\/ND.jpg\u00bb title_text=\u00bbND\u00bb align=\u00bbcenter\u00bb _builder_version=\u00bb4.6.1&#8243; _module_preset=\u00bbdefault\u00bb max_width=\u00bb25%\u00bb global_colors_info=\u00bb{}\u00bb][\/et_pb_image][\/et_pb_column_inner][\/et_pb_row_inner][et_pb_row_inner _builder_version=\u00bb4.6.1&#8243; _module_preset=\u00bbdefault\u00bb width=\u00bb100%\u00bb max_width=\u00bb100%\u00bb global_colors_info=\u00bb{}\u00bb][et_pb_column_inner saved_specialty_column_type=\u00bb3_4&#8243; _builder_version=\u00bb4.6.1&#8243; _module_preset=\u00bbdefault\u00bb global_colors_info=\u00bb{}\u00bb][et_pb_text _builder_version=\u00bb4.6.1&#8243; _module_preset=\u00bbdefault\u00bb text_font_size=\u00bb16px\u00bb global_colors_info=\u00bb{}\u00bb]<\/p>\n<h4>Dispositivos de protecci\u00f3n fina para interfaces SD y ASP -Clase III<\/h4>\n<p align=\"justify\">Serie SD :Los sistemas de la serie SD, se emplean para proteger redes de datos, telecomunicaciones y buses dotadas de conectores sub D. Su circuito de protecci\u00f3n, compuesto por diodos TRANSORB, logra reducir las tensiones transitorias entrantes a valores fuera de riesgo.<\/p>\n<p align=\"justify\"><span lang=\"ES-CO\">Serie ASP: Las redes de datos de dos o cuatro hilos pueden protegerse de las sobretensiones con los dispositivos de la serie ASP. En estos dispositivos, un circuito de protecci\u00f3n de diodos supresores de respuesta r\u00e1pida evita con gran eficacia el posible deterioro de los aparatos conectados.<\/span><\/p>\n<p>[\/et_pb_text][et_pb_image src=\u00bbhttps:\/\/www.diaspro.com.gt\/sitio\/wp-content\/uploads\/2020\/09\/SD.jpg\u00bb title_text=\u00bbSD\u00bb align=\u00bbcenter\u00bb _builder_version=\u00bb4.6.1&#8243; _module_preset=\u00bbdefault\u00bb max_width=\u00bb25%\u00bb global_colors_info=\u00bb{}\u00bb][\/et_pb_image][\/et_pb_column_inner][\/et_pb_row_inner][et_pb_row_inner _builder_version=\u00bb4.6.1&#8243; _module_preset=\u00bbdefault\u00bb width=\u00bb100%\u00bb max_width=\u00bb100%\u00bb global_colors_info=\u00bb{}\u00bb][et_pb_column_inner saved_specialty_column_type=\u00bb3_4&#8243; _builder_version=\u00bb4.6.1&#8243; _module_preset=\u00bbdefault\u00bb global_colors_info=\u00bb{}\u00bb][et_pb_text _builder_version=\u00bb4.6.1&#8243; _module_preset=\u00bbdefault\u00bb text_font_size=\u00bb16px\u00bb global_colors_info=\u00bb{}\u00bb]<\/p>\n<h4 align=\"left\">Sistemas coaxiales DS-N, DS-BNC, S-UHF, DS-TNC &#8211; Clase III<\/h4>\n<p align=\"justify\">Los elementos DS-N, DS-BNC y S-UHF son protectores coaxiales caracterizados por su elevada resistencia a intensidades de corriente de rayo. Est\u00e1n pensados para su instalaci\u00f3n en la transici\u00f3n entre las zonas LPZ 0 y 2. Su aplicaci\u00f3n espec\u00edfica son los entornos de altas frecuencias. Adem\u00e1s, gracias a su dise\u00f1o, con una reducida atenuaci\u00f3n de entrada y escasa capacitancia, pueden emplearse en entornos con frecuencias muy elevadas. Como limitador de tensiones, emplean un descargador de gas de alto rendimiento.<\/p>\n<p>[\/et_pb_text][et_pb_image src=\u00bbhttps:\/\/www.diaspro.com.gt\/sitio\/wp-content\/uploads\/2020\/09\/DS.jpg\u00bb title_text=\u00bbDS\u00bb align=\u00bbcenter\u00bb _builder_version=\u00bb4.6.1&#8243; _module_preset=\u00bbdefault\u00bb max_width=\u00bb25%\u00bb global_colors_info=\u00bb{}\u00bb][\/et_pb_image][\/et_pb_column_inner][\/et_pb_row_inner][et_pb_row_inner _builder_version=\u00bb4.6.1&#8243; _module_preset=\u00bbdefault\u00bb width=\u00bb100%\u00bb max_width=\u00bb100%\u00bb global_colors_info=\u00bb{}\u00bb][et_pb_column_inner saved_specialty_column_type=\u00bb3_4&#8243; _builder_version=\u00bb4.6.1&#8243; _module_preset=\u00bbdefault\u00bb global_colors_info=\u00bb{}\u00bb][et_pb_text _builder_version=\u00bb4.6.1&#8243; _module_preset=\u00bbdefault\u00bb text_font_size=\u00bb16px\u00bb global_colors_info=\u00bb{}\u00bb]<\/p>\n<h4>Sistemas de protecci\u00f3n contra el rayo y las sobretensiones<\/h4>\n<p>Contador de impactos de rayo LSC I+II<\/p>\n<p>Control de rayo con el contador de impactos de rayo LSC I+II Con el nuevo contador LSC I+II siempre se tienen los rayos a la vista. Porque capta las corrientes de impulsos y almacena los eventos, incluidas fecha y hora. De esta manera se puede controlar en cualquier momento mediante la pr\u00e1ctica pantalla LCD si ha entrado un rayo en el sistema de protecci\u00f3n contra rayos y cu\u00e1ndo lo ha hecho. Ya que en ese caso hay que reparar y revisar el sistema de protecci\u00f3n contra rayos seg\u00fan las normas VDE 0185-305 y IEC 62305. Gracias a su grado de protecci\u00f3n IP 65 el contador de impactos de rayo es apropiado para su uso en interior y exterior. Las correspondientes abrazaderas permiten la instalaci\u00f3n en conductores planos y redondos. El contador puede montarse directamente en el descargador de corriente o en el cable PE del dispositivo de protecci\u00f3n contra sobretensiones. Las bater\u00edas internas de litio con vida \u00fatil m\u00e1s larga permiten utilizar el contador durante m\u00e1s tiempo (5 a\u00f1os) sin necesidad de mantenimiento.<\/p>\n<p>[\/et_pb_text][et_pb_image src=\u00bbhttps:\/\/www.diaspro.com.gt\/sitio\/wp-content\/uploads\/2020\/09\/tbs_highlight_blitzstromzaehler_bild1_rdax_350x247-1.jpg\u00bb title_text=\u00bbtbs_highlight_blitzstromzaehler_bild1_rdax_350x247&#8243; align=\u00bbcenter\u00bb _builder_version=\u00bb4.6.1&#8243; _module_preset=\u00bbdefault\u00bb max_width=\u00bb25%\u00bb global_colors_info=\u00bb{}\u00bb][\/et_pb_image][et_pb_code _builder_version=\u00bb4.6.1&#8243; _module_preset=\u00bbdefault\u00bb global_colors_info=\u00bb{}\u00bb]<iframe loading=\"lazy\" width=\"560\" height=\"315\" src=\"https:\/\/www.youtube.com\/embed\/bE1_EcxmLrA\" frameborder=\"0\" allow=\"accelerometer; autoplay; clipboard-write; encrypted-media; gyroscope; picture-in-picture\" allowfullscreen><\/iframe>[\/et_pb_code][\/et_pb_column_inner][\/et_pb_row_inner][\/et_pb_column][et_pb_column type=\u00bb1_4&#8243; _builder_version=\u00bb3.25&#8243; custom_padding=\u00bb|||\u00bb global_colors_info=\u00bb{}\u00bb custom_padding__hover=\u00bb|||\u00bb][et_pb_text _builder_version=\u00bb4.14.8&#8243; _module_preset=\u00bbdefault\u00bb text_text_color=\u00bb#f16c20&#8243; link_text_color=\u00bb#f16c20&#8243; header_5_font=\u00bbCabin||||||||\u00bb custom_padding=\u00bb|||10px|false|false\u00bb border_width_left=\u00bb1px\u00bb border_color_left=\u00bb#bcbcbc\u00bb saved_tabs=\u00bball\u00bb locked=\u00bboff\u00bb global_colors_info=\u00bb{}\u00bb global_module=\u00bb1210&#8243; theme_builder_area=\u00bbpost_content\u00bb]<\/p>\n<h5><strong><span style=\"font-size: 14pt; color: #0d3c55;\">Ventas<\/span><\/strong><\/h5>\n<p><strong><span style=\"color: #0d3c55;\">Tel\u00e9fono:<\/span><\/strong><br \/><a href=\"tel:50266342445 \">(+502) 6634-2445 <\/a><\/p>\n<p><a href=\"tel:50241014923\">(+502) 4101-4923<\/a><br \/><strong><span style=\"color: #0d3c55;\">Correo Electr\u00f3nico:<\/span><\/strong><br \/><a href=\"mailto:ventas1@diaspro.com.gt\">ventas1@diaspro.com.gt<\/a><\/p>\n<p>&nbsp;<\/p>\n<h5><strong><span style=\"font-size: 14pt; color: #0d3c55;\">Servicio al Cliente<\/span><\/strong><\/h5>\n<p><strong><span style=\"color: #0d3c55;\">Correo Electr\u00f3nico:<\/span><\/strong><br \/><a href=\"mailto:servicioalcliente@diaspro.com.gt\">servicioalcliente@diaspro.com.gt<\/a><\/p>\n<p>&nbsp;<\/p>\n<h5><strong><span style=\"font-size: 14pt; color: #0d3c55;\">Direcci\u00f3n:<\/span><\/strong><\/h5>\n<p>C. C. La Plazoleta, Local 13, Primer Nivel, Km 18.5 Carretera a San Jos\u00e9 Pinula.<\/p>\n<p>[\/et_pb_text][\/et_pb_column][\/et_pb_section]<\/p>\n","protected":false},"excerpt":{"rendered":"<p>Obo BettermannDescargador de corriente de rayos LightningController MC 50-B VDE &#8211; Clase I. Eficaz en el caso de descargas atmosf\u00e9ricas sobre l\u00edneas a\u00e9reas. Puede, por tanto, utilizarse en edificios cuyo suministro el\u00e9ctrico se efect\u00fae directamente a trav\u00e9s de esta clase de l\u00edneas. En caso de una descarga atmosf\u00e9rica contra el edificio, el LightningController MC 50-B [&hellip;]<\/p>\n","protected":false},"author":1,"featured_media":0,"parent":0,"menu_order":0,"comment_status":"closed","ping_status":"closed","template":"","meta":{"_et_pb_use_builder":"on","_et_pb_old_content":"","_et_gb_content_width":"","footnotes":""},"class_list":["post-622","page","type-page","status-publish","hentry"],"jetpack_sharing_enabled":true,"jetpack_likes_enabled":true,"_links":{"self":[{"href":"https:\/\/www.diaspro.com.gt\/sitio\/wp-json\/wp\/v2\/pages\/622","targetHints":{"allow":["GET"]}}],"collection":[{"href":"https:\/\/www.diaspro.com.gt\/sitio\/wp-json\/wp\/v2\/pages"}],"about":[{"href":"https:\/\/www.diaspro.com.gt\/sitio\/wp-json\/wp\/v2\/types\/page"}],"author":[{"embeddable":true,"href":"https:\/\/www.diaspro.com.gt\/sitio\/wp-json\/wp\/v2\/users\/1"}],"replies":[{"embeddable":true,"href":"https:\/\/www.diaspro.com.gt\/sitio\/wp-json\/wp\/v2\/comments?post=622"}],"version-history":[{"count":4,"href":"https:\/\/www.diaspro.com.gt\/sitio\/wp-json\/wp\/v2\/pages\/622\/revisions"}],"predecessor-version":[{"id":1220,"href":"https:\/\/www.diaspro.com.gt\/sitio\/wp-json\/wp\/v2\/pages\/622\/revisions\/1220"}],"wp:attachment":[{"href":"https:\/\/www.diaspro.com.gt\/sitio\/wp-json\/wp\/v2\/media?parent=622"}],"curies":[{"name":"wp","href":"https:\/\/api.w.org\/{rel}","templated":true}]}}